30?
10
Let v(o) = o**3 + 6*o**2 + o - 3. Let y be v(-5). Suppose -b - 4*r + 21 = 0, 5*b - 15 - 67 = 3*r. Calculate the highest common factor of y and b.
17
Let w be 1/4 - 51/12. Let g = 9 + w. Suppose 0 = -4*n + n + 60. What is the highest common factor of n and g?
5
Let w = 9 + 3. Suppose w = -n + 3*c, 0*c - 2 = -c. Let b = n + 12. Calculate the highest common divisor of 3 and b.
3
Let x = -2 + 1. Let c = x + 6. Let m be (75/(-10)*2)/((-3)/3). Calculate the highest common divisor of c and m.
5
Let v(r) = -r**3 + r**2 + r. Let q be v(-2). Let j = -77 - -147. Calculate the greatest common divisor of q and j.
10
Let s(q) be the second derivative of q**4/12 - 5*q**3/6 + 3*q**2 - q. Let k be s(6). Calculate the greatest common factor of 4 and k.
4
Let u be 33*(20/(-12) + 2). Suppose -56 = u*v - 12*v. What is the highest common divisor of v and 8?
8
Suppose -5*l = -20, -3*l = -y + l - 9. Suppose -3*t = -y*t + 144. What is the greatest common divisor of 24 and t?
12
Let v(j) = -j**2 - 22*j. Let l be v(-14). Calculate the greatest common factor of 14 and l.
14
Suppose -a + 14 = -0*a. Suppose 11*o - 6*o - 280 = 0. What is the highest common divisor of o and a?
14
Suppose -6*w + 3*w = -54. Let n = 99 + -68. Let t = -22 + n. Calculate the greatest common factor of w and t.
9
Let d be 1982/6 + (-1)/3. Calculate the greatest common factor of 30 and d.
30
Suppose 7*p = 2*p + 105. Let f = -25 + 28. What is the greatest common divisor of f and p?
3
Let d(o) = -o**3 + 3*o**2 + o - 4. Let b be d(2). Calculate the greatest common factor of 46 and b.
2
Suppose 0 = -18*k + 14*k + 24. What is the highest common factor of k and 4?
2
Let h be ((-3)/(-5))/(2/10). Let p(b) = 4 - 3 - b + 0*b**h - 8*b**2 - b**3. Let f be p(-8). What is the greatest common divisor of 18 and f?
9
Let b(h) = 4 + 3*h - h - 2*h + h. Let g be b(3). What is the greatest common divisor of 21 and g?
7
Let d = 18 - 13. Let v = 7 + d. Suppose -102 = -s - v. Calculate the greatest common divisor of 36 and s.
18
Let a be -3*1/(-6)*6. Let c = -9 + 6. Let b(j) = 2*j**2 + 5*j + 3. Let l be b(c). What is the greatest common factor of l and a?
3
Let m(y) = -y - 12. Let q be m(-8). Let v be 2 - q/(-1) - 4. Let a be v*((-24)/9 + 0). Calculate the greatest common divisor of 40 and a.
8
Let r(o) = -o**2 + 8*o - 6. Let s be r(6). Let v be 1/(-3) + (-430)/s. Let d = -50 - v. What is the highest common factor of 11 and d?
11
Suppose 4*l = 3*z - 10, 5*z - z - l - 9 = 0. Calculate the highest common divisor of 16 and z.
2
Let c(b) = b**3 + 10*b**2 + 11*b + 7. Let o be c(-9). Let k(r) = r + 12. Let h be k(o). Let g be h/(-2)*2 + 15. What is the highest common divisor of 154 and g?
14
Let j(q) = 2*q**2 + q**3 + 4*q**2 - q - 7 - q. Let k be j(-6). Suppose k*g = -19 + 79. Calculate the highest common factor of 108 and g.
12
Suppose -5*b = -0*b - 15. Let h be -1 - (-88 - (-6 + b)). What is the greatest common divisor of h and 12?
12
Let s = 10 + -6. Suppose -z + s = -6. Let r(m) = 31*m**2 + 2*m + 1. Let i be r(-1). What is the highest common factor of z and i?
10
Let s be ((-648)/(-20))/(6/15). What is the greatest common divisor of 54 and s?
27
Suppose -3*r - 3 = -5*r + 3*c, r + 2 = 5*c. What is the greatest common divisor of r and 12?
3
Let u be 2/((0 - 4)/(-16)). What is the highest common factor of u and 64?
8
Let j(l) = -l + 7. Let o be j(5). Suppose -2*v + 0*v + 14 = 2*k, -o*v + 36 = 4*k. Calculate the greatest common factor of 22 and k.
11
Let b be (-1)/1*(0 - 8). Let p(z) = 2*z - 12. Let w be p(10). Let t be 2/w + (-6)/(-8). What is the highest common factor of b and t?
1
Let t be -5 + -5 - (-2 + 2). Let r(u) = -2*u - 18. Let l be r(t). Calculate the greatest common factor of l and 16.
2
Let h be 4 + -2 + (4 - 0). Let p = 2 - 4. Let u be 24/(p + 0)*-4. Calculate the highest common factor of u and h.
6
Suppose 3 - 9 = -2*t. Let c be t + -1 + 1 + 18. What is the greatest common divisor of c and 84?
21
Let v be (-558)/(-14) + 1/7. What is the greatest common divisor of 5 and v?
5
Let s = 13 + -4. Let l(b) = b - 6. Let q be l(s). What is the greatest common divisor of q and 15?
3
Suppose 0 = -3*j + 4*j - 26. Let s be 8/(-3)*3/(-2). Suppose s*c - 144 = 116. What is the highest common divisor of c and j?
13
Let j(k) = -2*k**2 - 17*k + 12. Let s be j(-9). Calculate the greatest common factor of 15 and s.
3
Let t be ((-1 - 0) + 3)*15. Suppose 12 + t = 2*s. Let z be (-4 + 2 - -1)*-3. Calculate the greatest common factor of z and s.
3
Suppose 3*z - 27 = -3*l, -2*z - l = -7*z + 51. Let s = 17 - z. Calculate the greatest common divisor of s and 7.
7
Suppose -5*b + r = -2*r - 84, -12 = 4*r. Let w = b - 7. Let u be (-2)/3 + (-26)/(-3). What is the highest common divisor of w and u?
8
Suppose -3*v + 14 = 5. Suppose v*i - 360 = -2*i. What is the greatest common divisor of i and 24?
24
Let q be (-2)/((-2)/3) - 12. Let d be (-2 + 42/q)*-6. Calculate the greatest common factor of d and 10.
10
Let w = 26 + -22. What is the greatest common factor of w and 10?
2
Let f(d) = d + 1. Let w be f(2). Let v(g) = g - 5*g + 6*g**2 - g**2 - g**w. Let c be v(3). Calculate the greatest common divisor of 9 and c.
3
Let w = -20 + 70. Calculate the highest common factor of 5 and w.
5
Let a be 10 + (10 - 8)*(-1)/2. Let c be 2/3 + 2/(-3). Let q be c + (9 + -2)*9. What is the highest common divisor of a and q?
9
Let c(l) = -l + 4. Let u be c(0). Suppose -u*j = -5*j + 3. Let n = j + 6. What is the highest common factor of n and 3?
3
Let w(d) = -d**3 - 4*d**2 - 9*d - 9. Let q be w(-6). Calculate the highest common factor of 13 and q.
13
Suppose -4 = 5*q + 26. Let l(v) = -10*v - 4. Let a be l(q). What is the highest common factor of a and 8?
8
Let l(v) = -v**3 + 2*v**2 + v + 12. Let y be l(0). What is the highest common divisor of y and 84?
12
Suppose h + 18 = -h. Let c be 2*-18*h/12. Calculate the highest common divisor of c and 3.
3
Suppose -v - s - 3 = -1, 5*v + 4*s = -7. Let w = 16 - 9. Calculate the highest common divisor of w and v.
1
Let w = 13 - 7. Suppose 0*m - 44 = -2*t - 2*m, -t + 3*m + w = 0. What is the highest common factor of t and 90?
18
Let r(m) = 43*m - 18. Let l be r(4). What is the greatest common factor of l and 14?
14
Suppose -k + 35 = -57. Calculate the highest common divisor of k and 23.
23
Let z be (-150)/(-4) + (-3)/2. Let l(y) = y**2 + 2. Let i be l(4). Calculate the highest common divisor of i and z.
18
Let f be 2 + -7 - (-8 - 1). Calculate the highest common factor of 52 and f.
4
Let f be (-96)/(-7) - (-10)/35. Let q be (-4)/f - 1038/(-7). Suppose -q = -3*u + y, 0*u = 2*u + 4*y - 108. What is the greatest common divisor of u and 10?
10
Let u(v) = 11*v - 15. Let r be u(9). What is the highest common factor of r and 21?
21
Let m be 2082/4 - 8/16. Suppose x = -4*x + m. What is the highest common divisor of x and 13?
13
Let x(h) = h**3 + 2*h**2 + 2. Let j be x(2). Let t be j*8*4/6. Calculate the greatest common factor of 12 and t.
12
Let h(x) = x**3 - 3*x**2 - 3*x - 2. Let q be h(4). Let r be 3 - (-3 + q) - 1. Suppose -2*z + 250 = r*z. What is the highest common factor of z and 10?
10
Let i = 21 - -1. What is the highest common factor of i and 154?
22
Suppose -i + 5*l + 8 = -16, -8 = -5*i - 3*l. Calculate the highest common divisor of i and 48.
4
Suppose -7*i + 4*i + 225 = 0. Suppose -2*b = 3*s - 44, 3 = s - 4*b - 7. Let m = 29 - s. Calculate the highest common divisor of i and m.
15
Let r(k) = -12*k + 2*k + 0*k - 3 - 6. Let m be r(-9). Let i be (9/(-4))/(1/(-4)). Calculate the greatest common divisor of m and i.
9
Let i(h) = -3*h - 2*h + 7 + 4 + h**2. Let a be i(11). Calculate the greatest common divisor of a and 7.
7
Let y(r) = 2*r + 1. Suppose 0 = -5*i - 2 + 12. Let u be y(i). Suppose -u*n - j + 54 = 0, 3*n + 3*j - 19 = n. What is the highest common factor of n and 33?
11
Let b = 358 + -225. What is the highest common factor of b and 19?
19
Suppose 93 + 47 = 5*k. Suppose -6*w = -3*w - 126. What is the greatest common factor of k and w?
14
Let i = 26 - 19. Suppose 3*n - o = 3*o + 1, 0 = 2*n + 2*o - 24. Calculate the greatest common divisor of i and n.
7
Let s(v) = -3*v**3 + v**2 + 6*v. Let a be s(-3). Calculate the highest common divisor of 8 and a.
8
Let c = 5 + 19. Suppose -4*k - 4*d - 4 + c = 0, -5*k + 4*d = -43. Calc